 of x?
0
Let x be (-4 + 2)*(-1)/2. Let l be x/((-4)/324*-1). Let n = l + 73. What is the hundreds digit of n?
1
Let n(f) = 7*f - 57*f + 110 + 36*f. What is the tens digit of n(-26)?
7
Suppose -d + 4*d = p + 265, 2*d + 1018 = -4*p. Let y be 2/(-6) - p/48. Suppose -190 = -y*h + 2*q, -2*h + 0*q - 3*q = -57. What is the units digit of h?
6
Let w = 26497 + -9822. What is the hundreds digit of w?
6
Suppose 2*o - 55 = -3*o + k, 3*k = 5*o - 65. Suppose 441 = -w + o*w. Let u = -43 + w. What is the units digit of u?
6
Let z = -309 - -313. Suppose z*f = -0*f + 3932. What is the units digit of f?
3
Let g(j) = j**3 + 4*j - 2. Let b be g(1). Suppose 2139 - 690 = -b*d. Let n = -274 - d. What is the hundreds digit of n?
2
Suppose 13032 = -30*c + 36*c. Suppose -26*i + 38*i = c. What is the hundreds digit of i?
1
Suppose 43 + 5 = 4*m + 5*a, -2*m - a + 24 = 0. Let w(r) = -2*r**2 + 39*r + 28. What is the hundreds digit of w(m)?
2
Let q be ((-20)/60)/((-2)/18). Let l be 1/(4/60*q). Suppose s - 1 - 2 = 0, l*s + 61 = 4*k. What is the units digit of k?
9
Let o(w) = -473*w**3 + 9*w**2 - 7*w + 3. Let t(v) = -235*v**3 + 4*v**2 - 3*v + 1. Let n(c) = 2*o(c) - 5*t(c). What is the units digit of n(1)?
9
Let z = 1174 - 394. Let t = 1411 - z. What is the units digit of t?
1
Let k(i) = -i**2 + 2*i - 24. Let q be k(0). What is the hundreds digit of 3615/10*(-16)/q?
2
Suppose 4*i + 8040 = 6*i + 3*o, -2*o + 12070 = 3*i. What is the units digit of i?
6
Let c be 18/(-15) + 8/(-10) + 51. What is the tens digit of (-7)/(c/(-14)) + 396?
9
Suppose 2*l + 32435 = 4*u + 148817, 5*u + 116390 = 2*l. What is the thousands digit of l?
8
Let v = 83 + -79. Suppose 8*o + c - 24 = 3*o, -v*o = -4*c. Suppose o*j - w - 700 = 0, 3*j - w - 518 = -2*w. What is the hundreds digit of j?
1
Suppose -225*d = -4351653 + 56517 - 652389. What is the tens digit of d?
8
Suppose 59*v - 189315 = -38*v + 62*v. What is the units digit of v?
9
Suppose -p - 194 + 1515 = 0. Suppose 2*v - 290 - 230 = -5*w, -5*v - 2*w = -p. Suppose v = 8*z - 3*z. What is the tens digit of z?
5
Suppose 4*v + 881 + 10435 = 2*h, -5*v = 5*h - 28305. What is the tens digit of h?
6
Suppose -104858 - 676757 = -43*i + 108571. What is the units digit of i?
2
Let u = 98751 - 67663. What is the thousands digit of u?
1
Let q(t) = 394*t**2 + 60*t - 337. What is the hundreds digit of q(9)?
1
What is the thousands digit of (-30)/4*(-4)/15 + 22489*1?
2
Let t(o) = -44*o**3 - 9*o**2 - 14*o - 10. What is the tens digit of t(-5)?
3
Suppose 5*y = 5*a + 5, 4*a - 31 = -y - 10. Let q(j) = 43*j + 22. What is the units digit of q(a)?
4
Let t(s) = 209*s**3 - s**2 - 14*s + 148. What is the ten thousands digit of t(5)?
2
Suppose -14608076 = -510*t + 3464284. What is the ten thousands digit of t?
3
Let q = -2492 + 3924. What is the units digit of q?
2
Let j(x) = 9*x - 29. Let o be -15*18/30*-1. What is the units digit of j(o)?
2
Let w(k) = 3*k + 969. What is the tens digit of w(-23)?
0
Let d = 10965 - 2574. What is the units digit of d?
1
Let i(n) = 2*n**3 - 7*n**2 + 5*n + 6. Let c be i(2). Suppose 2*f - 2*a = 2*a + 2078, -5*f - c*a + 5139 = 0. What is the units digit of f?
1
Let g = -130 - -129. What is the tens digit of (g + 22/4)/(4/528)?
9
Suppose -354*h = -359*h + 980. Suppose -704 = -25*f + h. What is the tens digit of f?
3
Let z(n) = -249*n**2 + 6*n + 7. Let x be z(-1). Let r = 27 - x. What is the tens digit of r?
7
Let y(c) = 5*c - 3. Let j be y(0). Let f be (j*(-24)/27)/((-4)/(-6)). Suppose 0 = -5*p, f*p = 5*x - p - 835. What is the units digit of x?
7
Suppose -j - j - 1556 = -4*t, -1169 = -3*t + j. Let w = 754 - t. What is the hundreds digit of w?
3
Suppose -328 + 292 = -2*h. What is the units digit of (3 + 0 - (h - 19)) + 46?
0
Let t(p) = p**3 + 23*p**2 - 23*p + 9. Let d be t(-24). Let m be 2*(-1 - (-6)/(-3)). What is the units digit of m/d - (1 - (-723)/(-5))?
4
What is the hundreds digit of ((-39)/(-13) - 9/3) + 26761?
7
Suppose m + 8 = 3*k, k + 2*m + 13 = 11. Suppose k*z + 10*z - 1920 = 0. What is the tens digit of z?
6
Suppose -2*g + 36 = 22. Let t(q) = -92*q**3 - 4*q**2 + 3 + g*q - q + 99*q**3. What is the units digit of t(3)?
4
Suppose 7090 = z + z - 2*r, -2*r - 10634 = -3*z. What is the tens digit of z?
4
Let s = 39 + -36. Suppose -s*i = i - 156. Let m = 147 + i. What is the hundreds digit of m?
1
Let u be (-4)/(-14) + 45/(-35). Let f(h) = -2 - 169*h**2 + 2*h + 3 + 277*h**2. What is the units digit of f(u)?
7
Suppose -12*t + 62276 + 64809 = -7843. What is the tens digit of t?
4
Suppose 0 = 33*x - 517 - 1001. Suppose 1665 = -45*i + x*i. What is the thousands digit of i?
1
Let z(i) be the third derivative of -i**4/2 - 31*i**3 + 199*i**2. What is the hundreds digit of z(-28)?
1
Let a(h) = 83*h**2 - 137*h + 8. What is the hundreds digit of a(14)?
3
What is the thousands digit of 5/(-75) - 861828/(-495)?
1
Let o(j) = 6*j**2 - 224*j + 165. What is the tens digit of o(-32)?
7
Suppose 96*c + 12*c - 5559624 = 0. What is the tens digit of c?
7
Let w(x) = -4*x**2 + 22*x + 15. Let m be w(6). Suppose -96 = -7*c + 4*c. What is the units digit of (-120)/c*((2 - m) + -31)?
0
Let m = 720 + -720. Suppose -4*z = 4*a - 3180, -2*z - a + 1595 = -m*z. What is the hundreds digit of z?
8
Suppose -2*o - 5*d = -12482, 6255 = o + d - 2*d. What is the tens digit of o?
5
Let r(k) = k**2 + 4*k - 10. Let h be r(-6). Suppose 0 = -h*x + 7 + 11. Suppose -x*m + 14*m = 270. What is the tens digit of m?
5
Let p(n) = 71*n**2 - 3*n. Let j be p(1). Suppose 0 = -3*l + 5*l + j. Let w(h) = -h**2 - 38*h - 8. What is the units digit of w(l)?
8
What is the tens digit of 8/(-16)*((-535524)/(-11))/(-1)?
4
Let a be 1/((-4)/20)*132/(-10). Suppose -2*g - a = g - 3*v, 5*v = g + 38. What is the hundreds digit of (-10)/((-240)/g) + 1022/8?
1
Suppose -5*k + 492 = m, 2*m + 3*k = -3*m + 2504. Let a = m + -120. What is the tens digit of a?
8
Let v(i) = 6*i**2 + 52*i - 2. Let l(n) = n**2 - 1. Let a(x) = -8*l(x) + v(x). Let w be a(26). Let q(b) = 3*b**2 + 4*b - 48. What is the tens digit of q(w)?
8
Let o = 448 - -9643. What is the tens digit of o?
9
Let k(m) = 6*m + 64. Let u be k(-10). What is the tens digit of 224 + 4/u*-3?
2
Let u(o) = -o**2 + 17*o + 19. Let y be u(18). Let r be y/(((-13)/260)/((-2)/8)). Suppose 3 = 5*n - q - 32, 5*q - 65 = -r*n. What is the units digit of n?
8
Let v = 26222 - 9596. What is the tens digit of v?
2
Let y(z) = 52*z + 56. Let p(s) = 7*s**3 - s**2 - s + 1. Let a be p(1). What is the hundreds digit of y(a)?
3
Let b(s) = 68*s + 2. Let d(u) = -69*u - 2. Let z(f) = -5*b(f) - 6*d(f). What is the hundreds digit of z(8)?
5
Suppose -2*z - 3*x = -14, 2*z + 3*x - 24 = -z. Suppose -h - 2*w = 3*h, 30 = 5*h - 5*w. Suppose h*o = -3*y + 9, 5*y - 27 - z = 4*o. What is the units digit of y?
5
Let h(a) be the second derivative of -a**4/2 + a**3/2 + 3*a**2 + 45*a. Let l(r) be the first derivative of h(r). What is the units digit of l(-22)?
7
Suppose 150 = 16*p + 14*p. Suppose -15*y + 5092 = -11*y - 4*q, 10 = -p*q. What is the hundreds digit of y?
2
Let s(p) = -p**2 - 11*p + 12. Let i be s(-12). Let m be (6 - i)/((-21)/(-14)). Suppose 2*j + 2*a + a = 169, 5*j + m*a - 440 = 0. What is the units digit of j?
2
Let t = -3753 - -13977. What is the thousands digit of t?
0
Let d = 62402 + -28902. What is the ten thousands digit of d?
3
Let d(f) = -18*f - 9. Let s(a) = 36*a + 18. Let z(i) = 5*d(i) + 3*s(i). Suppose 0 = -3162*w + 3156*w + 18. What is the tens digit of z(w)?
6
Let l(y) = -16025*y - 10171. What is the units digit of l(-4)?
9
Let v(g) = -4*g**2 + 273*g - 42. What is the units digit of v(57)?
3
Suppose 4*f = 16, 2*f = -2*o + 15 + 3. Suppose -1155 - 30 = -o*l. What is the hundreds digit of l?
2
What is the hundreds digit of 125331/12 - (10/60)/((-2)/(-3))?
4
Let w = 29788 + -26871. What is the units digit of w?
7
Let k(p) = 2*p**3 + 111*p**2 + 135*p + 9. What is the ten thousands digit of k(-51)?
1
Suppose 7*y = 85672 + 297151. What is the ten thousands digit of y?
5
Let x(n) = 2*n**2 - 4*n - 670. Let h be x(18). Let f = 208 + -52. Let w = h + f. What is the units digit of w?
2
Suppose n - 8 + 2 = 0. Suppose -1 = -5*g - n. What is the tens digit of -3 + 22 - (g + 2)?
1
Let k(o) = -o**3 + 46*o**2 + 10*o + 25. What is the thousands digit of k(45)?
2
Let g = 1600 - 740. Let j = g + -508. What